{"id":10,"date":"2023-07-31T20:28:39","date_gmt":"2023-07-31T20:28:39","guid":{"rendered":"http:\/\/evamaria-psychotherapie.at\/?page_id=10"},"modified":"2023-11-25T12:48:06","modified_gmt":"2023-11-25T12:48:06","slug":"impressum","status":"publish","type":"page","link":"https:\/\/evamaria-psychotherapie.at\/?page_id=10","title":{"rendered":"Impressum"},"content":{"rendered":"\n<div class=\"wp-block-columns alignwide is-layout-flex wp-container-core-columns-is-layout-9d6595d7 wp-block-columns-is-layout-flex\">\n<div class=\"wp-block-column is-layout-flow wp-block-column-is-layout-flow\">\n<div class=\"wp-block-media-text alignwide has-media-on-the-right is-stacked-on-mobile has-background\" style=\"background-color:#ffffffd4;grid-template-columns:auto 29%\"><div class=\"wp-block-media-text__content\">\n<h2 class=\"wp-block-heading has-text-color\" style=\"color:#454734\">Impressum<\/h2>\n\n\n\n<p class=\"has-black-color has-text-color\"><img loading=\"lazy\" decoding=\"async\" width=\"25\" height=\"25\" class=\"wp-image-98\" style=\"width: 25px;\" src=\"https:\/\/evamaria-psychotherapie.at\/wp-content\/uploads\/2023\/08\/Adresse.png\" alt=\"\" srcset=\"https:\/\/evamaria-psychotherapie.at\/wp-content\/uploads\/2023\/08\/Adresse.png 1024w, https:\/\/evamaria-psychotherapie.at\/wp-content\/uploads\/2023\/08\/Adresse-300x300.png 300w, https:\/\/evamaria-psychotherapie.at\/wp-content\/uploads\/2023\/08\/Adresse-150x150.png 150w, https:\/\/evamaria-psychotherapie.at\/wp-content\/uploads\/2023\/08\/Adresse-768x768.png 768w\" sizes=\"auto, (max-width: 25px) 100vw, 25px\" \/>   Hauptstra\u00dfe 23,<br>        Rathaus, 1. OG<br>        3804 Allentsteig<\/p>\n\n\n\n<p class=\"has-black-color has-text-color\"><img loading=\"lazy\" decoding=\"async\" width=\"30\" height=\"30\" class=\"wp-image-99\" style=\"width: 30px;\" src=\"https:\/\/evamaria-psychotherapie.at\/wp-content\/uploads\/2023\/08\/Email.png\" alt=\"\" srcset=\"https:\/\/evamaria-psychotherapie.at\/wp-content\/uploads\/2023\/08\/Email.png 1024w, https:\/\/evamaria-psychotherapie.at\/wp-content\/uploads\/2023\/08\/Email-300x300.png 300w, https:\/\/evamaria-psychotherapie.at\/wp-content\/uploads\/2023\/08\/Email-150x150.png 150w, https:\/\/evamaria-psychotherapie.at\/wp-content\/uploads\/2023\/08\/Email-768x768.png 768w\" sizes=\"auto, (max-width: 30px) 100vw, 30px\" \/>  mail@evamaria-psychotherapie.at<\/p>\n\n\n\n<p class=\"has-black-color has-text-color\"><img loading=\"lazy\" decoding=\"async\" width=\"25\" height=\"25\" class=\"wp-image-100\" style=\"width: 25px;\" src=\"https:\/\/evamaria-psychotherapie.at\/wp-content\/uploads\/2023\/08\/Telefon.png\" alt=\"\" srcset=\"https:\/\/evamaria-psychotherapie.at\/wp-content\/uploads\/2023\/08\/Telefon.png 1024w, https:\/\/evamaria-psychotherapie.at\/wp-content\/uploads\/2023\/08\/Telefon-300x300.png 300w, https:\/\/evamaria-psychotherapie.at\/wp-content\/uploads\/2023\/08\/Telefon-150x150.png 150w, https:\/\/evamaria-psychotherapie.at\/wp-content\/uploads\/2023\/08\/Telefon-768x768.png 768w\" sizes=\"auto, (max-width: 25px) 100vw, 25px\" \/>   +43 664 999 81 619<\/p>\n\n\n\n<p class=\"has-black-color has-text-color\">Inhaberin und f\u00fcr den Inhalt verantwortlich:&nbsp;Eva Maria Winterleitner<\/p>\n\n\n\n<p class=\"has-black-color has-text-color\">Fotos: Alexander und Anna Baldreich&nbsp;<br>Logo: Leonie Bayer<\/p>\n<\/div><figure class=\"wp-block-media-text__media\"><img decoding=\"async\" src=\"https:\/\/evamaria-psychotherapie.at\/wp-content\/uploads\/2023\/07\/neueserstes300.jpg\" alt=\"\" class=\"wp-image-55 size-full\"\/><\/figure><\/div>\n<\/div>\n<\/div>\n\n\n\n<div class=\"wp-block-columns alignwide has-background is-layout-flex wp-container-core-columns-is-layout-9d6595d7 wp-block-columns-is-layout-flex\" style=\"background-color:#ffffffd4\">\n<div class=\"wp-block-column is-layout-flow wp-block-column-is-layout-flow\">\n<p class=\"has-black-color has-text-color\"><strong>Haftung<\/strong><br>Eva Maria Winterleitner ist bem\u00fcht, gr\u00fcndlich recherchierte, richtige, vollst\u00e4ndige und topaktuelle Informationen im Web bereitzustellen.<br>Dennoch kann die Redaktion keine Gew\u00e4hr f\u00fcr die vollst\u00e4ndige Richtigkeit \u00fcbernehmen. Eine Haftung f\u00fcr Sch\u00e4den, die sich aus der Verwendung der auf https:\/\/www.evamaria-psychotherapie.com&nbsp;ver\u00f6ffentlichten Inhalte oder Services ergeben, ist ausgeschlossen.<\/p>\n\n\n\n<p class=\"has-black-color has-text-color\"><strong>Links<\/strong><br>Als Service f\u00fcr die Besucher\/innen auf https:\/\/www.evamaria-psychotherapie.com&nbsp;setzen wir Links und Verweise auf externe Seiten. Diese werden vor ihrer Einbindung von der Redaktion auf Seriosit\u00e4t \u00fcberpr\u00fcft und sind zu diesem Zeitpunkt frei von illegalen Inhalten. Da sich durch sp\u00e4tere Aktualisierung die Inhalte \u00e4ndern k\u00f6nnen, distanzieren wir uns ausdr\u00fccklich von den Inhalten fremder Seiten.<br>F\u00fcr fehlerhafte, illegale oder unvollst\u00e4ndige Inhalte, vor allem f\u00fcr Sch\u00e4den durch deren Nutzung, haftet ausschlie\u00dflich der Anbieter dieser Seite, nicht Eva Maria Winterleitner.<br>Wir halten auch fest, dass Links ohne Angabe von Gr\u00fcnden jederzeit entfernt werden k\u00f6nnen.<\/p>\n\n\n\n<p><\/p>\n\n\n\n<h5 class=\"wp-block-heading has-black-color has-text-color\" style=\"font-size:1.4rem\">Erkl\u00e4rung zur Informationsverpflichtung (Datenschutzerkl\u00e4rung)<\/h5>\n\n\n\n<p class=\"has-black-color has-text-color\">Der Schutz und die Sicherheit Ihrer pers\u00f6nlichen Daten ist mir ein besonderes Anliegen. Ich verarbeite Ihre Daten daher ausschlie\u00dflich auf Grundlage der gesetzlichen Bestimmungen (DSGVO, TKG 2003). Als Nutzer meiner Webseite stimmen Sie der Datenverarbeitung im Sinne dieser Erkl\u00e4rung zu.<\/p>\n\n\n\n<p class=\"has-black-color has-text-color\"><strong>Cookies<\/strong><\/p>\n\n\n\n<p class=\"has-black-color has-text-color\">Cookies sind kleine Textdateien, die auf Ihrem Rechner, vom Browser abgelegt werden. Cookies richten auf Ihrem Rechner keinen Schaden an und enthalten keine Viren.<br>Wir verwenden Cookies um unsere Webseite nutzerfreundlich zu gestalten. Einige Cookies bleiben auf Ihrem Rechner gespeichert. Sie k\u00f6nnen die Cookies l\u00f6schen oder Ihren Browser so einstellen, dass das Speichern von Cookies verboten ist oder Sie bei Verwendung von Cookies informiert werden.<br>Bei der Deaktivierung von Cookies kann die Funktionalit\u00e4t unserer Website eingeschr\u00e4nkt sein.<\/p>\n\n\n\n<p class=\"has-black-color has-text-color\"><strong>Eingebettete Inhalte von anderen Websites<\/strong><\/p>\n\n\n\n<p class=\"has-black-color has-text-color\">Einige Inhalte dieser Website k\u00f6nnen eingebettete Inhalte beinhalten (z. B. Videos, Bilder, Beitr\u00e4ge, Google Maps etc.). Eingebettete Inhalte von anderen Websites verhalten sich exakt so, als ob der Besucher die andere Website besucht h\u00e4tte.<br>Diese Websites k\u00f6nnen Daten \u00fcber Sie sammeln, Cookies benutzen, zus\u00e4tzliche Tracking-Dienste von Dritten einbetten und Ihre Interaktion mit diesem eingebetteten Inhalt aufzeichnen.<\/p>\n\n\n\n<p class=\"has-black-color has-text-color\"><strong>Ihre Rechte<\/strong><br>Ihnen stehen grunds\u00e4tzlich die Rechte auf Auskunft, Berichtigung, L\u00f6schung, Einschr\u00e4nkung, Daten\u00fcbertragbarkeit, Widerruf und Widerspruch zu. Wenn Sie glauben, dass die Verarbeitung Ihrer Daten gegen das Datenschutzrecht verst\u00f6\u00dft oder Ihre datenschutzrechtlichen Anspr\u00fcche sonst in einer Weise verletzt worden sind, k\u00f6nnen Sie sich bei der Aufsichtsbeh\u00f6rde beschweren. In \u00d6sterreich ist dies die Datenschutzbeh\u00f6rde.<\/p>\n<\/div>\n<\/div>\n","protected":false},"excerpt":{"rendered":"<p>Impressum Hauptstra\u00dfe 23, Rathaus, 1. OG 3804 Allentsteig mail@evamaria-psychotherapie.at +43 664 999 81 619 Inhaberin und f\u00fcr den Inhalt verantwortlich:&nbsp;Eva Maria Winterleitner Fotos: Alexander und Anna Baldreich&nbsp;Logo: Leonie Bayer HaftungEva Maria Winterleitner ist bem\u00fcht, gr\u00fcndlich recherchierte, richtige, vollst\u00e4ndige und topaktuelle Informationen im Web bereitzustellen.Dennoch kann die Redaktion keine Gew\u00e4hr f\u00fcr die vollst\u00e4ndige Richtigkeit \u00fcbernehmen. Eine&hellip; <a class=\"more-link\" href=\"https:\/\/evamaria-psychotherapie.at\/?page_id=10\"><span class=\"screen-reader-text\">Impressum<\/span> weiterlesen<\/a><\/p>\n","protected":false},"author":1,"featured_media":0,"parent":0,"menu_order":0,"comment_status":"closed","ping_status":"closed","template":"","meta":{"footnotes":""},"class_list":["post-10","page","type-page","status-publish","hentry","entry"],"_links":{"self":[{"href":"https:\/\/evamaria-psychotherapie.at\/index.php?rest_route=\/wp\/v2\/pages\/10","targetHints":{"allow":["GET"]}}],"collection":[{"href":"https:\/\/evamaria-psychotherapie.at\/index.php?rest_route=\/wp\/v2\/pages"}],"about":[{"href":"https:\/\/evamaria-psychotherapie.at\/index.php?rest_route=\/wp\/v2\/types\/page"}],"author":[{"embeddable":true,"href":"https:\/\/evamaria-psychotherapie.at\/index.php?rest_route=\/wp\/v2\/users\/1"}],"replies":[{"embeddable":true,"href":"https:\/\/evamaria-psychotherapie.at\/index.php?rest_route=%2Fwp%2Fv2%2Fcomments&post=10"}],"version-history":[{"count":11,"href":"https:\/\/evamaria-psychotherapie.at\/index.php?rest_route=\/wp\/v2\/pages\/10\/revisions"}],"predecessor-version":[{"id":431,"href":"https:\/\/evamaria-psychotherapie.at\/index.php?rest_route=\/wp\/v2\/pages\/10\/revisions\/431"}],"wp:attachment":[{"href":"https:\/\/evamaria-psychotherapie.at\/index.php?rest_route=%2Fwp%2Fv2%2Fmedia&parent=10"}],"curies":[{"name":"wp","href":"https:\/\/api.w.org\/{rel}","templated":true}]}}

<div class="wp-block-columns alignwide is-layout-flex wp-container-core-columns-is-layout-9d6595d7 wp-block-columns-is-layout-flex">
<div class="wp-block-column is-layout-flow wp-block-column-is-layout-flow">
<div class="wp-block-media-text alignwide has-media-on-the-right is-stacked-on-mobile has-background" style="background-color:#ffffffd4;grid-template-columns:auto 29%"><div class="wp-block-media-text__content">
<h2 class="wp-block-heading has-text-color" style="color:#454734">Impressum</h2>



<p class="has-black-color has-text-color"><img loading="lazy" decoding="async" width="25" height="25" class="wp-image-98" style="width: 25px;" src="https://evamaria-psychotherapie.at/wp-content/uploads/2023/08/Adresse.png" alt="" srcset="https://evamaria-psychotherapie.at/wp-content/uploads/2023/08/Adresse.png 1024w, https://evamaria-psychotherapie.at/wp-content/uploads/2023/08/Adresse-300x300.png 300w, https://evamaria-psychotherapie.at/wp-content/uploads/2023/08/Adresse-150x150.png 150w, https://evamaria-psychotherapie.at/wp-content/uploads/2023/08/Adresse-768x768.png 768w" sizes="auto, (max-width: 25px) 100vw, 25px" />   Hauptstraße 23,<br>        Rathaus, 1. OG<br>        3804 Allentsteig</p>



<p class="has-black-color has-text-color"><img loading="lazy" decoding="async" width="30" height="30" class="wp-image-99" style="width: 30px;" src="https://evamaria-psychotherapie.at/wp-content/uploads/2023/08/Email.png" alt="" srcset="https://evamaria-psychotherapie.at/wp-content/uploads/2023/08/Email.png 1024w, https://evamaria-psychotherapie.at/wp-content/uploads/2023/08/Email-300x300.png 300w, https://evamaria-psychotherapie.at/wp-content/uploads/2023/08/Email-150x150.png 150w, https://evamaria-psychotherapie.at/wp-content/uploads/2023/08/Email-768x768.png 768w" sizes="auto, (max-width: 30px) 100vw, 30px" />  mail@evamaria-psychotherapie.at</p>



<p class="has-black-color has-text-color"><img loading="lazy" decoding="async" width="25" height="25" class="wp-image-100" style="width: 25px;" src="https://evamaria-psychotherapie.at/wp-content/uploads/2023/08/Telefon.png" alt="" srcset="https://evamaria-psychotherapie.at/wp-content/uploads/2023/08/Telefon.png 1024w, https://evamaria-psychotherapie.at/wp-content/uploads/2023/08/Telefon-300x300.png 300w, https://evamaria-psychotherapie.at/wp-content/uploads/2023/08/Telefon-150x150.png 150w, https://evamaria-psychotherapie.at/wp-content/uploads/2023/08/Telefon-768x768.png 768w" sizes="auto, (max-width: 25px) 100vw, 25px" />   +43 664 999 81 619</p>



<p class="has-black-color has-text-color">Inhaberin und für den Inhalt verantwortlich:&nbsp;Eva Maria Winterleitner</p>



<p class="has-black-color has-text-color">Fotos: Alexander und Anna Baldreich&nbsp;<br>Logo: Leonie Bayer</p>
</div><figure class="wp-block-media-text__media"><img decoding="async" src="https://evamaria-psychotherapie.at/wp-content/uploads/2023/07/neueserstes300.jpg" alt="" class="wp-image-55 size-full"/></figure></div>
</div>
</div>



<div class="wp-block-columns alignwide has-background is-layout-flex wp-container-core-columns-is-layout-9d6595d7 wp-block-columns-is-layout-flex" style="background-color:#ffffffd4">
<div class="wp-block-column is-layout-flow wp-block-column-is-layout-flow">
<p class="has-black-color has-text-color"><strong>Haftung</strong><br>Eva Maria Winterleitner ist bemüht, gründlich recherchierte, richtige, vollständige und topaktuelle Informationen im Web bereitzustellen.<br>Dennoch kann die Redaktion keine Gewähr für die vollständige Richtigkeit übernehmen. Eine Haftung für Schäden, die sich aus der Verwendung der auf https://www.evamaria-psychotherapie.com&nbsp;veröffentlichten Inhalte oder Services ergeben, ist ausgeschlossen.</p>



<p class="has-black-color has-text-color"><strong>Links</strong><br>Als Service für die Besucher/innen auf https://www.evamaria-psychotherapie.com&nbsp;setzen wir Links und Verweise auf externe Seiten. Diese werden vor ihrer Einbindung von der Redaktion auf Seriosität überprüft und sind zu diesem Zeitpunkt frei von illegalen Inhalten. Da sich durch spätere Aktualisierung die Inhalte ändern können, distanzieren wir uns ausdrücklich von den Inhalten fremder Seiten.<br>Für fehlerhafte, illegale oder unvollständige Inhalte, vor allem für Schäden durch deren Nutzung, haftet ausschließlich der Anbieter dieser Seite, nicht Eva Maria Winterleitner.<br>Wir halten auch fest, dass Links ohne Angabe von Gründen jederzeit entfernt werden können.</p>



<p></p>



<h5 class="wp-block-heading has-black-color has-text-color" style="font-size:1.4rem">Erklärung zur Informationsverpflichtung (Datenschutzerklärung)</h5>



<p class="has-black-color has-text-color">Der Schutz und die Sicherheit Ihrer persönlichen Daten ist mir ein besonderes Anliegen. Ich verarbeite Ihre Daten daher ausschließlich auf Grundlage der gesetzlichen Bestimmungen (DSGVO, TKG 2003). Als Nutzer meiner Webseite stimmen Sie der Datenverarbeitung im Sinne dieser Erklärung zu.</p>



<p class="has-black-color has-text-color"><strong>Cookies</strong></p>



<p class="has-black-color has-text-color">Cookies sind kleine Textdateien, die auf Ihrem Rechner, vom Browser abgelegt werden. Cookies richten auf Ihrem Rechner keinen Schaden an und enthalten keine Viren.<br>Wir verwenden Cookies um unsere Webseite nutzerfreundlich zu gestalten. Einige Cookies bleiben auf Ihrem Rechner gespeichert. Sie können die Cookies löschen oder Ihren Browser so einstellen, dass das Speichern von Cookies verboten ist oder Sie bei Verwendung von Cookies informiert werden.<br>Bei der Deaktivierung von Cookies kann die Funktionalität unserer Website eingeschränkt sein.</p>



<p class="has-black-color has-text-color"><strong>Eingebettete Inhalte von anderen Websites</strong></p>



<p class="has-black-color has-text-color">Einige Inhalte dieser Website können eingebettete Inhalte beinhalten (z. B. Videos, Bilder, Beiträge, Google Maps etc.). Eingebettete Inhalte von anderen Websites verhalten sich exakt so, als ob der Besucher die andere Website besucht hätte.<br>Diese Websites können Daten über Sie sammeln, Cookies benutzen, zusätzliche Tracking-Dienste von Dritten einbetten und Ihre Interaktion mit diesem eingebetteten Inhalt aufzeichnen.</p>



<p class="has-black-color has-text-color"><strong>Ihre Rechte</strong><br>Ihnen stehen grundsätzlich die Rechte auf Auskunft, Berichtigung, Löschung, Einschränkung, Datenübertragbarkeit, Widerruf und Widerspruch zu. Wenn Sie glauben, dass die Verarbeitung Ihrer Daten gegen das Datenschutzrecht verstößt oder Ihre datenschutzrechtlichen Ansprüche sonst in einer Weise verletzt worden sind, können Sie sich bei der Aufsichtsbehörde beschweren. In Österreich ist dies die Datenschutzbehörde.</p>
</div>
</div>

<p>Impressum Hauptstraße 23, Rathaus, 1. OG 3804 Allentsteig mail@evamaria-psychotherapie.at +43 664 999 81 619 Inhaberin und für den Inhalt verantwortlich:&nbsp;Eva Maria Winterleitner Fotos: Alexander und Anna Baldreich&nbsp;Logo: Leonie Bayer HaftungEva Maria Winterleitner ist bemüht, gründlich recherchierte, richtige, vollständige und topaktuelle Informationen im Web bereitzustellen.Dennoch kann die Redaktion keine Gewähr für die vollständige Richtigkeit übernehmen. Eine&hellip; <a class="more-link" href="https://evamaria-psychotherapie.at/?page_id=10"><span class="screen-reader-text">Impressum</span> weiterlesen</a></p>
